619209754?
2, 3533, 936769
What are the prime factors of 576846682?
2, 10993, 26237
What are the prime factors of 2104831908?
2, 3, 7159, 8167
List the prime factors of 292945911.
3, 97648637
List the prime factors of 258975945.
3, 5, 29, 191, 1039
What are the prime factors of 630185322?
2, 3, 13, 8079299
List the prime factors of 58498811.
7, 179, 46687
List the prime factors of 2692660.
2, 5, 31, 43, 101
What are the prime factors of 348748393?
7, 5657, 8807
What are the prime factors of 341552448?
2, 3, 592973
List the prime factors of 46758674.
2, 3571, 6547
List the prime factors of 101760560.
2, 5, 11, 115637
What are the prime factors of 1647053095?
5, 19, 31, 18041
List the prime factors of 218022657.
3, 83, 875593
What are the prime factors of 74865666?
2, 3, 43, 61, 67, 71
List the prime factors of 39667581.
3, 4407509
List the prime factors of 12235763.
12235763
What are the prime factors of 181209000?
2, 3, 5, 7, 8629
What are the prime factors of 27872272?
2, 1742017
What are the prime factors of 696757721?
11, 19, 863, 3863
List the prime factors of 440230984.
2, 199, 276527
What are the prime factors of 78356222?
2, 7, 191, 29303
What are the prime factors of 2022257073?
3, 674085691
List the prime factors of 151977447.
3, 19, 41, 53, 409
List the prime factors of 96733454.
2, 31, 1560217
List the prime factors of 5691570125.
5, 45532561
List the prime factors of 349405102.
2, 174702551
List the prime factors of 1436046819.
3, 53, 463, 19507
List the prime factors of 4292604130.
2, 5, 17981, 23873
List the prime factors of 1696972911.
3, 565657637
What are the prime factors of 23183306?
2, 19, 113, 5399
List the prime factors of 53911324.
2, 13477831
List the prime factors of 53423397.
3, 5935933
What are the prime factors of 18437152?
2, 576161
List the prime factors of 402983799.
3, 983, 136651
List the prime factors of 3502342492.
2, 11, 79598693
List the prime factors of 100187100.
2, 3, 5, 13, 8563
List the prime factors of 2367939512.
2, 53, 59, 103, 919
List the prime factors of 914717042.
2, 659, 694019
List the prime factors of 907194560.
2, 5, 2834983
What are the prime factors of 43648243?
43648243
What are the prime factors of 121053498?
2, 3, 17, 421, 2819
What are the prime factors of 50031526?
2, 25015763
List the prime factors of 60589897.
61, 401, 2477
What are the prime factors of 1590243285?
3, 5, 19, 5579801
What are the prime factors of 33205506?
2, 3, 5534251
List the prime factors of 7200338.
2, 41, 277, 317
List the prime factors of 537764922.
2, 3, 29, 1030201
List the prime factors of 93086970.
2, 3, 5, 151, 20549
What are the prime factors of 42722326?
2, 17, 61, 20599
List the prime factors of 589022162.
2, 294511081
What are the prime factors of 954654019?
11, 1367, 63487
What are the prime factors of 988270290?
2, 3, 5, 7, 43, 191
List the prime factors of 644884296.
2, 3, 7, 548371
List the prime factors of 569605981.
7, 81372283
What are the prime factors of 1077195380?
2, 5, 137, 393137
List the prime factors of 50257904.
2, 79, 39761
List the prime factors of 12858904.
2, 1117, 1439
What are the prime factors of 1640219628?
2, 3, 136684969
What are the prime factors of 934724?
2, 7, 19, 251
What are the prime factors of 1847665207?
1847665207
List the prime factors of 33070630.
2, 5, 431, 7673
List the prime factors of 2225655407.
59, 1039, 36307
What are the prime factors of 2372617226?
2, 7, 169472659
What are the prime factors of 88533231?
3, 1213, 24329
List the prime factors of 9624567.
3, 17, 653
What are the prime factors of 4994189801?
23, 217138687
What are the prime factors of 38658042?
2, 3, 389, 5521
List the prime factors of 83816796.
2, 3, 7, 211, 4729
What are the prime factors of 4130839055?
5, 7, 10343, 11411
What are the prime factors of 4184191807?
4184191807
What are the prime factors of 564471672?
2, 3, 17, 1383509
List the prime factors of 96538563.
3, 11, 17, 19, 3019
What are the prime factors of 2963234677?
13, 1019, 17207
List the prime factors of 390486663.
3, 7, 23, 1109
List the prime factors of 128922305.
5, 17, 1516733
What are the prime factors of 9715736?
2, 79, 15373
List the prime factors of 113899707.
3, 311, 40693
List the prime factors of 87015468.
2, 3, 1511, 4799
What are the prime factors of 159160250?
2, 5, 461, 1381
What are the prime factors of 21681087?
3, 41, 359, 491
List the prime factors of 944369442.
2, 3, 1943147
What are the prime factors of 43140284?
2, 11, 29, 33809
List the prime factors of 169316827.
113, 1498379
List the prime factors of 892928036.
2, 7, 11, 13, 223009
What are the prime factors of 39178727?
7, 17, 329233
What are the prime factors of 280516432?
2, 7, 2504611
List the prime factors of 5520463559.
13, 127, 149, 22441
What are the prime factors of 1373513553?
3, 19, 773, 10391
List the prime factors of 1996056590.
2, 5, 11, 19, 955051
List the prime factors of 601814193.
3, 200604731
What are the prime factors of 167040704?
2, 19, 137369
List the prime factors of 263910473.
109, 257, 9421
List the prime factors of 1079417401.
101, 10687301
List the prime factors of 1161428224.
2, 11, 37, 71, 157
What are the prime factors of 197523396?
2, 3, 7, 89, 8807
List the prime factors of 479220868.
2, 7, 2129, 8039
What are the prime factors of 42097523?
13, 181, 17891
List the prime factors of 32808975.
3, 5, 617, 709
List the prime factors of 22320355.
5, 4464071
List the prime factors of 119182077.
3, 7, 630593
List the prime factors of 92700617.
29, 3196573
List the prime factors of 443767044.
2, 3, 7, 47, 112403
List the prime factors of 202905954.
2, 3, 23, 490111
What are the prime factors of 1486459863?
3, 7, 7864867
What are the prime factors of 181532029?
7, 491, 52817
What are the prime factors of 296244178?
2, 148122089
What are the prime factors of 106480571?
17, 6263563
What are the prime factors of 138372359?
167, 828577
List the prime factors of 26362847.
7, 3766121
What are the prime factors of 30193995?
3, 5, 13, 154841
What are the prime factors of 1535724929?
1535724929
List the prime factors of 213391307.
213391307
List the prime factors of 125862414.
2, 3, 2251, 9319
What are the prime factors of 200312651?
7, 11, 2601463
List the prime factors of 269274317.
13, 23, 900583
List the prime factors of 1382609130.
2, 3, 5, 7, 6583853
List the prime factors of 134835492.
2, 3, 11, 31, 83, 397
What are the prime factors of 219312750?
2, 3, 5, 17, 103, 167
What are the prime factors of 1403992321?
1403992321
What are the prime factors of 199061071?
11, 18096461
What are the prime factors of 1246216369?
1246216369
What are the prime factors of 684436351?
684436351
List the prime factors of 8934269.
41, 217909
What are the prime factors of 295844344?
2, 36980543
List the prime factors of 5854216374.
2, 3, 2647, 122869
List the prime factors of 3107418.
2, 3, 467, 1109
List the prime factors of 2499129550.
2, 5, 2393, 20887
List the prime factors of 17321599.
23, 191, 3943
List the prime factors of 38180763.
3, 4242307
What are the prime factors of 82334643?
3, 27444881
What are the prime factors of 1071387728?
2, 41, 71, 23003
What are the prime factors of 18107008?
2, 141461
List the prime factors of 82134654.
2, 3, 7, 1955587
What are the prime factors of 3237120448?
2, 50580007
What are the prime factors of 635696900?
2, 5, 6356969
List the prime factors of 5537105949.
3, 1845701983
List the prime factors of 2046416059.
29, 70566071
What are the prime factors of 755312497?
163, 4633819
List the prime factors of 135104767.
7, 197, 97973
What are the prime factors of 331247729?
19, 17434091
List the prime factors of 175047155.
5, 1439, 24329
What are the prime factors of 83291323?
2141, 38903
List the prime factors of 32751491.
3407, 9613
List the prime factors of 157003986.
2, 3, 26167331
List the prime factors of 53490315.
3, 5, 1061, 3361
List the prime factors of 1246587675.
3, 5, 1567, 10607
What are the prime factors of 50307634?
2, 13, 29, 66721
What are the prime factors of 62212720?
2, 5, 353, 2203
What are the prime factors of 60108746?
2, 199, 151027
List the prime factors of 973945168.
2, 7, 19, 151, 433
List the prime factors of 4872959014.
2, 7, 11, 61, 109, 4759
What are the prime factors of 2744659